thousands digit of 219765?
2
What is the units digit of 8951323?
3
What is the millions digit of 1253940?
1
What is the thousands digit of 2014067?
4
What is the ten thousands digit of 10600840?
0
What is the tens digit of 2365492?
9
What is the hundred thousands digit of 235161?
2
What is the hundreds digit of 5122971?
9
What is the hundreds digit of 196375?
3
What is the hundred thousands digit of 15762256?
7
What is the units digit of 1434070?
0
What is the tens digit of 8185995?
9
What is the hundreds digit of 95683?
6
What is the tens digit of 198389?
8
What is the hundreds digit of 5153878?
8
What is the units digit of 7812343?
3
What is the ten thousands digit of 298370?
9
What is the hundred thousands digit of 1696564?
6
What is the ten thousands digit of 4998140?
9
What is the tens digit of 12136?
3
What is the hundred thousands digit of 12860842?
8
What is the ten thousands digit of 17503335?
0
What is the units digit of 10988112?
2
What is the tens digit of 311263?
6
What is the thousands digit of 649360?
9
What is the units digit of 9540190?
0
What is the ten thousands digit of 539869?
3
What is the thousands digit of 2294227?
4
What is the hundred thousands digit of 1736254?
7
What is the thousands digit of 193872?
3
What is the units digit of 124458?
8
What is the hundreds digit of 1218771?
7
What is the thousands digit of 3777387?
7
What is the thousands digit of 15456043?
6
What is the tens digit of 611444?
4
What is the thousands digit of 834161?
4
What is the hundreds digit of 66151?
1
What is the ten thousands digit of 144243?
4
What is the ten thousands digit of 67341?
6
What is the hundreds digit of 19978?
9
What is the hundreds digit of 82368?
3
What is the hundreds digit of 821433?
4
What is the thousands digit of 590677?
0
What is the millions digit of 2046067?
2
What is the hundred thousands digit of 3735776?
7
What is the units digit of 12753495?
5
What is the thousands digit of 475041?
5
What is the ten millions digit of 10076620?
1
What is the ten thousands digit of 98791?
9
What is the units digit of 189965?
5
What is the hundreds digit of 22984600?
6
What is the units digit of 433429?
9
What is the hundred thousands digit of 652061?
6
What is the thousands digit of 77582?
7
What is the millions digit of 4206649?
4
What is the ten thousands digit of 16124424?
2
What is the ten thousands digit of 1402850?
0
What is the hundreds digit of 9734?
7
What is the hundreds digit of 1427005?
0
What is the hundreds digit of 3306328?
3
What is the thousands digit of 572248?
2
What is the units digit of 313705?
5
What is the ten thousands digit of 17654225?
5
What is the tens digit of 6656373?
7
What is the tens digit of 3293588?
8
What is the hundred thousands digit of 2022866?
0
What is the hundred thousands digit of 519647?
5
What is the tens digit of 191500?
0
What is the ten thousands digit of 2312941?
1
What is the hundred thousands digit of 4949895?
9
What is the tens digit of 215660?
6
What is the hundred thousands digit of 9739071?
7
What is the ten thousands digit of 27094268?
9
What is the thousands digit of 7960778?
0
What is the units digit of 13090798?
8
What is the hundred thousands digit of 2168751?
1
What is the hundreds digit of 34974001?
0
What is the hundred thousands digit of 8062441?
0
What is the ten thousands digit of 762153?
6
What is the ten thousands digit of 19626246?
2
What is the tens digit of 1097433?
3
What is the units digit of 72674?
4
What is the thousands digit of 42058?
2
What is the ten thousands digit of 59333?
5
What is the ten thousands digit of 1151033?
5
What is the ten thousands digit of 3214106?
1
What is the millions digit of 1785349?
1
What is the tens digit of 4042310?
1
What is the hundred thousands digit of 8989454?
9
What is the units digit of 48963?
3
What is the hundred thousands digit of 127205?
1
What is the units digit of 47687?
7
What is the hundreds digit of 743198?
1
What is the tens digit of 534008?
0
What is the tens digit of 24360806?
0
What is the units digit of 2612019?
9
What is the thousands digit of 31513182?
3
What is the thousands digit of 693243?
3
What is the tens digit of 4737531?
3
What is the hundred thousands digit of 552171?
5
What is the millions digit of 1263660?
1
What is the millions digit of 10176370?
0
What is the units digit of 1591529?
9
What is the hundreds digit of 218023?
0
What is the hundreds digit of 4103695?
6
What is the hundred thousands digit of 1109533?
1
What is the ten thousands digit of 812554?
1
What is the tens digit of 991329?
2
What is the units digit of 510623?
3
What is the tens digit of 2536?
3
What is the hundreds digit of 9164897?
8
What is the ten thousands digit of 10159894?
5
What is the tens digit of 896275?
7
What is the ten thousands digit of 744270?
4
What is the ten thousands digit of 534818?
3
What is the hundred thousands digit of 1062077?
0
What is the thousands digit of 1363304?
3
What is the hundreds digit of 151453?
4
What is the thousands digit of 211602?
1
What is the units digit of 3080836?
6
What is the hundreds digit of 1580822?
8
What is the ten thousands digit of 9275139?
7
What is the tens digit of 151?
5
What is the ten thousands digit of 516775?
1
What is the hundred thousands digit of 992278?
9
What is the ten thousands digit of 88033?
8
What is the millions digit of 5646718?
5
What is the millions digit of 3008509?
3
What is the millions digit of 21435939?
1
What is the tens digit of 140115?
1
What is the ten thousands digit of 27826900?
2
What is the ten thousands digit of 4009843?
0
What is the hundred thousands digit of 1445839?
4
What is the hundreds digit of 4880738?
7
What is the thousands digit of 1737913?
7
What is the thousands digit of 788080?
8
What is the ten thousands digit of 1305613?
0
What is the hundred thousands digit of 967496?
9
What is the units digit of 31638122?
2
What is the hundreds digit of 2862773?
7
What is the units digit of 15226844?
4
What is the millions digit of 3113360?
3
What is the millions digit of 3278704?
3
What is the hundred thousands digit of 7250812?
2
What is the hundreds digit of 428198?
1
What is the units digit of 10255979?
9
What is the units digit of 10569405?
5
What is the hundreds digit of 3882479?
4
What is the hundred thousands digit of 1596688?
5
What is the millions digit of 10742671?
0
What is the hundreds digit of 4139044?
0
What is the tens digit of 249411?
1
What is the units digit of 222567?
7
What is the units digit of 14042430?
0
What is the ten millions digit of 11287034?
1
What is the hundreds digit of 601587?
5
What is the hundred thousands digit of 4445225?
4
What is the ten thousands digit of 156596?
5
What is the ten thousands digit of 270231?
7
What is the tens digit of 2033588?
8
What is the units digit of 16863457?
7
What is the units digit of 935096?
6
What is the thousands digit of 122140?
2
What is the ten thousands digit of 3712751?
1
What is the tens digit of 2386052?
5
What is the ten thousands digit of 23768?
2
What is the tens digit of 6866229?
2
What is the thousands digit of 4399531?
9
What is the ten thousands digit of 548548?
4
What is the ten thousands digit of 30266?
3
What is the thousands digit of 2093965?
3
What is the hundred thousands digit of 186478?
1
What is the hundred thousands digit of 451020?
4
What is the hundred thousands digit of 610259?
6
What is the millions digit of 10370817?
0
What is the thousands digit of 21533139?
3
What is the millions digit of 5573327?
5
What is the thousands digit of 107488?
7
What is the hundred thousands digit of 17392532?
3
What is the units digit of 2915182?
2
What is the thousands digit of 651587?
1
What is the units digit of 116041?
1
What is the hundred thousands digit of 5443922?
4
What is the units digit of 6068272?
2
What is the thousands digit of 12506397?
6
What is the ten thousands digit of 1660793?
6
What is the ten thousands digit of 268528?
6
What is the units digit of 4138585?
5
What is the hundreds digit of 160018?
0
What is the hundreds digit of 8682279?
2
What is the hundreds digit of 8533422?
4
What is the tens digit of 510976?
7
What is the hundreds digit of 858302?
3
What is the hundred thousands digit of 2083913?
0
What is the thousands digit o